is divided by 22.
5
What is the remainder when 312 is divided by 29?
22
Calculate the remainder when 958 is divided by 171.
103
Calculate the remainder when 428 is divided by 60.
8
Calculate the remainder when 4304 is divided by 105.
104
What is the remainder when 1630 is divided by 523?
61
Calculate the remainder when 361 is divided by 70.
11
Calculate the remainder when 27816 is divided by 14.
12
What is the remainder when 407 is divided by 45?
2
Calculate the remainder when 67 is divided by 36.
31
Calculate the remainder when 2200 is divided by 82.
68
What is the remainder when 135 is divided by 49?
37
What is the remainder when 196 is divided by 43?
24
Calculate the remainder when 186 is divided by 17.
16
What is the remainder when 240 is divided by 46?
10
What is the remainder when 152 is divided by 49?
5
What is the remainder when 770 is divided by 255?
5
What is the remainder when 3497 is divided by 28?
25
What is the remainder when 152 is divided by 20?
12
What is the remainder when 750 is divided by 241?
27
What is the remainder when 243 is divided by 75?
18
Calculate the remainder when 29 is divided by 8.
5
What is the remainder when 516 is divided by 127?
8
What is the remainder when 184 is divided by 37?
36
What is the remainder when 6801 is divided by 54?
51
Calculate the remainder when 13052 is divided by 214.
212
Calculate the remainder when 1321 is divided by 19.
10
What is the remainder when 813 is divided by 37?
36
Calculate the remainder when 144 is divided by 26.
14
Calculate the remainder when 25 is divided by 14.
11
What is the remainder when 1560 is divided by 235?
150
What is the remainder when 154 is divided by 54?
46
Calculate the remainder when 8233 is divided by 61.
59
What is the remainder when 23 is divided by 10?
3
What is the remainder when 9631 is divided by 205?
201
Calculate the remainder when 470 is divided by 61.
43
Calculate the remainder when 271 is divided by 44.
7
What is the remainder when 266 is divided by 36?
14
Calculate the remainder when 406 is divided by 102.
100
Calculate the remainder when 285 is divided by 111.
63
Calculate the remainder when 187 is divided by 37.
2
Calculate the remainder when 15837 is divided by 72.
69
Calculate the remainder when 359 is divided by 12.
11
What is the remainder when 684 is divided by 30?
24
Calculate the remainder when 4636 is divided by 46.
36
What is the remainder when 750 is divided by 185?
10
What is the remainder when 87 is divided by 16?
7
Calculate the remainder when 9554 is divided by 21.
20
Calculate the remainder when 362 is divided by 66.
32
Calculate the remainder when 309 is divided by 32.
21
Calculate the remainder when 11 is divided by 4.
3
Calculate the remainder when 38 is divided by 2.
0
Calculate the remainder when 470 is divided by 20.
10
Calculate the remainder when 8624 is divided by 69.
68
What is the remainder when 2851 is divided by 42?
37
Calculate the remainder when 643 is divided by 43.
41
What is the remainder when 646 is divided by 8?
6
What is the remainder when 23226 is divided by 363?
357
Calculate the remainder when 49 is divided by 28.
21
What is the remainder when 11758 is divided by 140?
138
Calculate the remainder when 3357 is divided by 83.
37
What is the remainder when 313 is divided by 80?
73
Calculate the remainder when 31 is divided by 9.
4
Calculate the remainder when 361 is divided by 101.
58
Calculate the remainder when 43 is divided by 34.
9
What is the remainder when 438 is divided by 69?
24
Calculate the remainder when 82 is divided by 45.
37
Calculate the remainder when 2978 is divided by 71.
67
Calculate the remainder when 445 is divided by 64.
61
Calculate the remainder when 748 is divided by 94.
90
Calculate the remainder when 164 is divided by 86.
78
Calculate the remainder when 420 is divided by 36.
24
What is the remainder when 288 is divided by 12?
0
What is the remainder when 478 is divided by 16?
14
What is the remainder when 1745 is divided by 869?
7
Calculate the remainder when 1389 is divided by 48.
45
What is the remainder when 3215 is divided by 48?
47
What is the remainder when 345 is divided by 116?
113
Calculate the remainder when 503 is divided by 129.
116
What is the remainder when 144 is divided by 44?
12
Calculate the remainder when 10527 is divided by 28.
27
Calculate the remainder when 730 is divided by 217.
79
What is the remainder when 896 is divided by 41?
35
What is the remainder when 82 is divided by 47?
35
What is the remainder when 258 is divided by 27?
15
What is the remainder when 463 is divided by 31?
29
What is the remainder when 74 is divided by 34?
6
Calculate the remainder when 1807 is divided by 37.
31
Calculate the remainder when 864 is divided by 62.
58
What is the remainder when 3777 is divided by 135?
132
What is the remainder when 674 is divided by 4?
2
Calculate the remainder when 220 is divided by 96.
28
Calculate the remainder when 620 is divided by 597.
23
What is the remainder when 41 is divided by 4?
1
What is the remainder when 8856 is divided by 10?
6
Calculate the remainder when 216 is divided by 66.
18
Calculate the remainder when 10569 is divided by 11.
9
Calculate the remainder when 3014 is divided by 596.
34
What is the remainder when 521 is divided by 15?
11
Calculate the remainder when 222 is divided by 45.
42
What is the remainder when 810 is divided by 118?
102
What is the remainder when 74 is divided by 16?
10
What is the remainder when 156 is divided by 32?
28
What is the remainder when 862 is divided by 51?
46
What is the remainder when 1256 is divided by 45?
41
Calculate the remainder when 33 is divided by 1.
0
Calculate the remainder when 857 is divided by 20.
17
Calculate the remainder when 342 is divided by 108.
18
What is the remainder when 38 is divided by 32?
6
What is the remainder when 774 is divided by 109?
11
Calculate the remainder when 123 is divided by 37.
12
What is the remainder when 128 is divided by 65?
63
What is the remainder when 5185 is divided by 130?
115
What is the remainder when 606 is divided by 34?
28
Calculate the remainder when 1988 is divided by 9.
8
What is the remainder when 1286 is divided by 9?
8
Calculate the remainder when 471 is divided by 175.
121
What is the remainder when 281 is divided by 152?
129
What is the remainder when 31321 is divided by 191?
188
Calculate the remainder when 45 is divided by 14.
3
What is the remainder when 233 is divided by 27?
17
Calculate the remainder when 1065 is divided by 82.
81
Calculate the remainder when 23 is divided by 21.
2
What is the remainder when 92 is divided by 39?
14
What is the remainder when 631 is divided by 145?
51
What is the remainder when 890 is divided by 29?
20
Calculate the remainder when 208 is divided by 5.
3
What is the remainder when 12 is divided by 8?
4
Calculate the remainder when 1057 is divided by 48.
1
Calculate the remainder when 11447 is divided by 5722.
3
What is the remainder when 65 is divided by 23?
19
What is the remainder when 1158 is divided by 22?
14
Calculate the remainder when 463 is divided by 450.
13
What is the remainder when 4208 is divided by 61?
60
What is the remainder when 64 is divided by 14?
8
What is the remainder when 2512 is divided by 28?
20
What is the remainder when 1561 is divided by 68?
65
What is the remainder when 34 is divided by 25?
9
Calculate the remainder when 169 is divided by 44.
37
Calculate the remainder when 105 is divided by 61.
44
Calculate the remainder when 885 is divided by 5.
0
Calculate the remainder when 339 is divided by 41.
11
What is the remainder when 445 is divided by 52?
29
What is the remainder when 39 is divided by 39?
0
What is the remainder when 902 is divided by 892?
10
What is the remainder when 69 is divided by 42?
27
Calculate the remainder when 444 is divided by 127.
63
Calculate the remainder when 159 is divided by 58.
43
Calculate the remainder when 543 is divided by 14.
11
What is the remainder when 1160 is divided by 104?
16
What is the remainder when 403 is divided by 89?
47
Calculate the remainder when 3102 is divided by 115.
112
What is the remainder when 47 is divided by 13?
8
Calculate the remainder when 376 is divided by 5.
1
What is the remainder when 160 is divided